{"version":"1.0","type":"rich","provider_name":"Directions r\u00e9gionales de l&#8217;\u00e9conomie, de l&#8217;emploi, du travail et des solidarit\u00e9s (DREETS)","provider_url":"https:\/\/normandie.dreets.gouv.fr","title":"Pourquoi recruter un apprenti&nbsp;?","author_name":"BNORMSMignard","width":"480","height":"295","url":"https:\/\/normandie.dreets.gouv.fr\/Pourquoi-recruter-un-apprenti-19738","html":"\u003Ch4 class='title'\u003E\u003Ca href='https:\/\/normandie.dreets.gouv.fr\/Pourquoi-recruter-un-apprenti-19738'\u003EPourquoi recruter un apprenti&nbsp;?\u003C\/a\u003E\u003C\/h4\u003E\u003Cblockquote class='spip'\u003E\n\u003Cp\u003EConsultez des webinaires \u00e0 destination des entreprises pour connaitre les \u00e9volutions de l\u2019apprentissage, les dispositifs de soutien ainsi que des retours d\u2019exp\u00e9rience. \n\u003Cbr class='autobr' \/\u003E\n Le minist\u00e8re du Travail et des Solidarit\u00e9s se mobilise, cette ann\u00e9e encore, pour promouvoir l\u2019apprentissage et favoriser la rencontre entre entreprises et futurs apprentis. A partir d\u2019avril, le minist\u00e8re a propos\u00e9 des webinaires, \u00e0 travers une nouvelle \u00e9dition des rendez-vous de l\u2019apprentissage. Ces sessions d\u2019information&nbsp;(\u2026)\u003C\/p\u003E\n\u003C\/blockquote\u003E\n"}

Directions régionales de l&#8217;économie, de l&#8217;emploi, du travail et des solidarités (DREETS)

<h4 class='title'><a href='https://normandie.dreets.gouv.fr/Pourquoi-recruter-un-apprenti-19738'>Pourquoi recruter un apprenti&nbsp;?</a></h4><blockquote class='spip'>
<p>Consultez des webinaires à destination des entreprises pour connaitre les évolutions de l’apprentissage, les dispositifs de soutien ainsi que des retours d’expérience. 
<br class='autobr' />
 Le ministère du Travail et des Solidarités se mobilise, cette année encore, pour promouvoir l’apprentissage et favoriser la rencontre entre entreprises et futurs apprentis. A partir d’avril, le ministère a proposé des webinaires, à travers une nouvelle édition des rendez-vous de l’apprentissage. Ces sessions d’information&nbsp;(…)</p>
</blockquote>
