{"version":"1.0","type":"rich","provider_name":"Directions r\u00e9gionales de l&#8217;\u00e9conomie, de l&#8217;emploi, du travail et des solidarit\u00e9s (DREETS)","provider_url":"https:\/\/normandie.dreets.gouv.fr","title":"Les inscrits \u00e0 France travail au 1er trimestre 2026","author_name":"Elise LEBAILLY","width":"480","height":"295","url":"https:\/\/normandie.dreets.gouv.fr\/Les-inscrits-a-France-travail-au-1er-trimestre-2026","html":"\u003Ch4 class='title'\u003E\u003Ca href='https:\/\/normandie.dreets.gouv.fr\/Les-inscrits-a-France-travail-au-1er-trimestre-2026'\u003ELes inscrits \u00e0 France travail au 1er trimestre 2026\u003C\/a\u003E\u003C\/h4\u003E\u003Cblockquote class='spip'\u003E\n\u003Cp\u003EAvertissement&nbsp;: \n\u003Cbr class='autobr' \/\u003E\nDans le cadre de la mise en \u0153uvre de la loi pour le plein emploi, les b\u00e9n\u00e9ficiaires du RSA, les jeunes en recherche d\u2019emploi suivis par les missions locales, les personnes en situation de handicap suivies par Cap emploi sont syst\u00e9matiquement inscrits \u00e0 France Travail \u00e0 compter de janvier 2025. Pour tenir compte de ces \u00e9volutions, deux nouvelles cat\u00e9gories statistiques sont cr\u00e9\u00e9es&nbsp;:  la cat\u00e9gorie F \u00e0 dominante &#171;&nbsp;sociale&nbsp;&#187; pour les personnes les plus \u00e9loign\u00e9es de l\u2019emploi, et&nbsp;(\u2026)\u003C\/p\u003E\n\u003C\/blockquote\u003E\n"}

Directions régionales de l&#8217;économie, de l&#8217;emploi, du travail et des solidarités (DREETS)

Les inscrits à France travail au 1er trimestre 2026

<h4 class='title'><a href='https://normandie.dreets.gouv.fr/Les-inscrits-a-France-travail-au-1er-trimestre-2026'>Les inscrits à France travail au 1er trimestre 2026</a></h4><blockquote class='spip'>
<p>Avertissement&nbsp;: 
<br class='autobr' />
Dans le cadre de la mise en œuvre de la loi pour le plein emploi, les bénéficiaires du RSA, les jeunes en recherche d’emploi suivis par les missions locales, les personnes en situation de handicap suivies par Cap emploi sont systématiquement inscrits à France Travail à compter de janvier 2025. Pour tenir compte de ces évolutions, deux nouvelles catégories statistiques sont créées&nbsp;:  la catégorie F à dominante &#171;&nbsp;sociale&nbsp;&#187; pour les personnes les plus éloignées de l’emploi, et&nbsp;(…)</p>
</blockquote>
